 - 3. Calculate the greatest common divisor of t and 15.
3
Let t(i) = -i**3 + 5*i**2 + 3*i + 1. Let z be t(5). Let a = 38 - z. Calculate the highest common divisor of a and 2.
2
Let r be (1/3)/(10/30). Calculate the greatest common divisor of r and 3.
1
Suppose -4*r + 3 = -2*w - 43, -3*r + 3*w = -27. Calculate the highest common divisor of r and 14.
14
Suppose -6*t + 40 = -32. Let a = -14 - -20. What is the greatest common factor of t and a?
6
Let x = 5 + 29. Calculate the greatest common divisor of 136 and x.
34
Suppose -2*t - 2*y = -9 - 7, 52 = 3*t - 4*y. What is the greatest common divisor of 300 and t?
12
Let u be (0 + 2 - 5)/((-13)/(-65)). Suppose 2*l + 60 = -2*g, l - 3*l + 3*g = 45. Let p = u - l. Calculate the greatest common factor of p and 6.
6
Suppose -5*x - 2 = 48. Let k be (-1 - x) + 48/(-16). What is the highest common divisor of 18 and k?
6
Suppose 0 = -6*u + 35 + 1. Suppose -2*z + 40 = h, -3*z - 70 = -6*z - 4*h. Calculate the greatest common divisor of z and u.
6
Suppose 2*l - 745 + 13 = 0. Let a = -179 + l. Calculate the greatest common factor of 17 and a.
17
Suppose 4*k = -a - 4 - 0, 0 = 4*k - 4*a + 4. Let q = k - -4. What is the highest common divisor of 12 and q?
3
Suppose 0*j - 4*f = -2*j + 28, f = 5*j - 25. Suppose 5*q - 203 - 122 = -4*o, j*q = -2*o + 158. What is the greatest common divisor of 34 and o?
17
Suppose -2*t + 12 - 8 = 0. Calculate the greatest common factor of 14 and t.
2
Let s be 5 - -3*(-6)/9. Let b(q) = 3*q + 0 - 3*q**2 + 5*q**2 - s. Let d be b(-3). Calculate the greatest common divisor of 24 and d.
6
Suppose -4*d = -2*o + 25 + 21, -5*o + 4*d = -139. Let z = o - 19. What is the greatest common divisor of z and 18?
6
Suppose 3 = -m + 27. Let x = m - 17. Let v = x - 1. What is the highest common factor of 54 and v?
6
Suppose -19 = -v + 1. Suppose -6*t + 129 = -51. Calculate the greatest common divisor of v and t.
10
Let a be 548/7 + (-4)/14. Suppose a = 4*q - 174. Let t be 8/(-28) + 65/7. What is the highest common factor of t and q?
9
Suppose -20 = -5*f + 4*f. Let m(h) = h**3 - h**2 - 4*h + 4. Let d be m(6). What is the greatest common divisor of f and d?
20
Let t be 1 + 74 + (3 - 1). Let i(o) = o**3 - 6*o**2 + 5*o + 11. Let a be i(5). Calculate the highest common divisor of a and t.
11
Let v be -2*(-6)/4 - 1. Suppose -a - 4 = 3*a, 193 = 3*i + v*a. What is the highest common factor of i and 13?
13
Suppose 0 = -2*k + 6*k - 88. Suppose h + 4*h - 25 = 0. Suppose 0 = h*n - 4*s - 185, 8*s - 3*s - 8 = -n. Calculate the highest common divisor of k and n.
11
Let v = -3 - -5. Suppose 6*w - 60 = w + 5*l, 3*l = v*w - 29. Calculate the highest common factor of 63 and w.
7
Suppose 0 = 2*r - 8 - 0. Suppose 2*n + r = 0, -5*v + 105 = 3*n - 64. What is the greatest common factor of v and 5?
5
Suppose 3*y = 5*b - 19, -6*b + 5*y + 25 = -b. Let t be -3*(-6)/(-9) + b. Suppose -22 = -t*r - r. What is the highest common divisor of r and 55?
11
Let s be (-1 - -1 - 1) + 3. Let l be (768/(-28))/(1/(-7)). Suppose 2*v - l = -s*v. What is the highest common factor of 6 and v?
6
Let d = -36 + 47. What is the highest common divisor of d and 44?
11
Let h be 3*(1 + (-46)/(-3)). Suppose 0 = -3*f + 16 + 5. Calculate the greatest common factor of f and h.
7
Let a be (-3)/(-15) + (-544)/(-5). Suppose -2*w = 2 - 8. Suppose w*l - 29 = -2*o + 26, a = 4*o + 5*l. What is the highest common factor of o and 65?
13
Let i(d) = 5*d**2 + 4*d. Let t be i(6). Suppose -k + 0*k - 2*f = -64, -3*k + t = 3*f. Calculate the highest common divisor of k and 8.
8
Let y(v) = -v**3 + 6*v**2 + 3*v - 8. Let g = 4 - 0. Suppose 9*d - 30 = g*d. Let l be y(d). What is the highest common factor of 15 and l?
5
Suppose x + 4*i = -3*x + 8, 2*i - 22 = 4*x. Let h be 52/(0 + x + 5). Let t = -15 + 80. What is the highest common factor of t and h?
13
Suppose 3*r = 6 + 36. What is the highest common divisor of r and 70?
14
Let b be (-18)/(-54) + (-196)/(-6). Let o = -16 + b. Calculate the highest common factor of 51 and o.
17
Let f be 5/(75/(-48))*-15. Suppose 2*t = -0*t + f. Calculate the highest common factor of t and 6.
6
Let h = -50 + 36. Let d be 75/7 + (-4)/h. Let p be 78 - 4/2 - -1. What is the highest common divisor of d and p?
11
Let i be 5/((-10)/(-4)) + 22. Calculate the greatest common divisor of 3 and i.
3
Let a(j) = -j**2 - 9*j - 11. Let c be a(-7). What is the highest common factor of 27 and c?
3
Let r(s) = 2*s**2 + 2*s - 3. Let q be r(-4). Calculate the greatest common divisor of q and 42.
21
Suppose -26 - 2 = -2*g. Calculate the greatest common divisor of 2 and g.
2
Let x be (-8)/6 - 190/(-57). Let t(m) = -2*m + 2. Let g be t(-2). Calculate the greatest common divisor of g and x.
2
Let v(n) = 11*n + 10*n + 5*n + 0*n. Let i be v(2). Let p be ((-52)/6)/((-2)/3). What is the highest common factor of p and i?
13
Suppose -15*o + 9*o + 510 = 0. What is the greatest common divisor of o and 17?
17
Let i be ((-162)/15)/(2/(-15)). Let l = i - 3. Calculate the highest common divisor of 26 and l.
26
Suppose 2*l + 0*g = -2*g + 24, 0 = -3*g - 12. Calculate the highest common factor of l and 256.
16
Let i(a) = -3*a**3 - 2*a**2 + 1. Let k(w) = -w**2 - 10*w + 10. Let u be k(-11). Let o be i(u). Calculate the highest common divisor of 10 and o.
2
Suppose 0 = -3*n - 3*o + 93, o - 83 = -0*n - 3*n. What is the greatest common factor of 13 and n?
13
Let l be 0 - (4 - (39 + 3)). What is the highest common factor of l and 95?
19
Let k be 73/(-5) + (-6)/15. Let g be 4/6 - (-76)/(-6). Let y be (g/10)/(3/k). What is the highest common divisor of 6 and y?
6
Let u be 8 + (-5 - -3) + -2. Suppose -u*t + 131 = 3. Calculate the highest common divisor of t and 8.
8
Suppose -8*l + 46 = -10. Let v(x) = 2*x**2 + 3*x + 1. Let a be v(-4). Calculate the highest common divisor of a and l.
7
Let y = -54 - -61. What is the greatest common factor of y and 7?
7
Suppose 4*x + 0 = -3*n + 72, -3*x - 5*n = -54. What is the greatest common divisor of 6 and x?
6
Let v be ((0/(-1))/(-2))/(-2). Suppose -c + 6*c - 20 = v. Suppose -c*j + 136 = 4*q, -3*q - 4 = -q. Calculate the highest common factor of 12 and j.
12
Suppose 3*d = -j + 60, 3*d + 3*j - 100 = -2*d. What is the greatest common divisor of d and 50?
10
Suppose 8*a - 160 = 3*a. What is the highest common divisor of a and 192?
32
Suppose 0 = -4*g - 7*g + 297. Calculate the highest common factor of g and 216.
27
Let c be (1 - (1 + 0)) + 2. Suppose t + c = 7. Calculate the greatest common divisor of t and 5.
5
Suppose -4*w + 45 = -19. Suppose -6 = -x + 2*y + 102, 4*x = -3*y + 476. Let v = x - 68. Calculate the highest common divisor of v and w.
16
Let x(n) be the third derivative of n**4/24 + n**3/3 + n**2. Let o be x(3). Suppose o*p - 190 - 160 = 0. What is the highest common divisor of p and 10?
10
Suppose -41 = -4*f + 4*z + 19, 9 = f - 3*z. Suppose 0*v = -2*v + f. Let u = 3 + v. Calculate the highest common factor of u and 6.
6
Suppose 6*m - m - 10 = 0. Suppose 10*a = 7*a. Let f be m + (-1 - a)*-5. What is the highest common divisor of 21 and f?
7
Let u = -97 + 142. Let i(w) be the first derivative of w**3/3 + w**2/2 + 9*w + 1. Let l be i(0). Calculate the highest common divisor of u and l.
9
Let d = -3 - -10. Suppose d*u = 9*u - 120. Let v = 51 + -27. What is the highest common factor of v and u?
12
Suppose 4*q = 11*q - 1890. Calculate the highest common factor of 30 and q.
30
Suppose 3*i - 3*l - 207 = 0, 0*l = 3*l - 3. Let z = 100 - i. Suppose z = -0*j + 5*j. Calculate the greatest common factor of 18 and j.
6
Let n be (4 - 4)*(-2)/(-4). Suppose -3*i + 77 + 211 = n. Calculate the greatest common factor of i and 12.
12
Suppose 0 = 3*s + 2 - 11. Suppose 0 = -s*q + 6*q - 72. Suppose 3*n - n + 2*m = 120, 2*n + 5*m = 120. Calculate the greatest common divisor of q and n.
12
Let n(a) = 84*a**3 + a**2 - 1. Let c be n(1). What is the highest common divisor of 12 and c?
12
Let y = -23 + 33. Let c be (2/2)/(y/110). What is the greatest common divisor of c and 121?
11
Let m be (10 + -3)*1 - 2. Suppose m*r = w + 8, -5*w - 3*r + 6 + 66 = 0. What is the greatest common divisor of w and 132?
12
Suppose -100 = -4*l - 0*l - 4*x, 4*x - 72 = -3*l. Suppose 2*u - 23 = 3*a - 67, -3*a - 2*u + l = 0. Calculate the highest common factor of 96 and a.
12
Let z be 3/12*-2 - (-578)/4.